{"id":349,"date":"2017-08-07T11:52:08","date_gmt":"2017-08-07T09:52:08","guid":{"rendered":"https:\/\/www.ferme-poutchas.fr\/Poutchas\/?page_id=349"},"modified":"2017-08-07T12:17:53","modified_gmt":"2017-08-07T10:17:53","slug":"venir-a-la-ferme","status":"publish","type":"page","link":"https:\/\/www.ferme-poutchas.fr\/Poutchas\/venir-a-la-ferme\/","title":{"rendered":"Venir \u00e0 la Ferme"},"content":{"rendered":"<p>[et_pb_section bb_built=\u00a0\u00bb1&Prime; fullwidth=\u00a0\u00bbon\u00a0\u00bb specialty=\u00a0\u00bboff\u00a0\u00bb _builder_version=\u00a0\u00bb3.0.66&Prime; background_color=\u00a0\u00bb#faebd7&Prime;][et_pb_fullwidth_image _builder_version=\u00a0\u00bb3.0.66&Prime; src=\u00a0\u00bbhttps:\/\/www.ferme-poutchas.fr\/Poutchas\/wp-content\/uploads\/2017\/08\/FermePoutchasStAgnet.jpg\u00a0\u00bb show_in_lightbox=\u00a0\u00bboff\u00a0\u00bb url_new_window=\u00a0\u00bboff\u00a0\u00bb use_overlay=\u00a0\u00bboff\u00a0\u00bb border_style=\u00a0\u00bbsolid\u00a0\u00bb animation=\u00a0\u00bboff\u00a0\u00bb \/][\/et_pb_section][et_pb_section bb_built=\u00a0\u00bb1&Prime; fullwidth=\u00a0\u00bboff\u00a0\u00bb specialty=\u00a0\u00bboff\u00a0\u00bb _builder_version=\u00a0\u00bb3.0.66&Prime; background_color=\u00a0\u00bb#faebd7&Prime;][et_pb_row][et_pb_column type=\u00a0\u00bb4_4&Prime;][et_pb_text _builder_version=\u00a0\u00bb3.0.66&Prime; background_layout=\u00a0\u00bblight\u00a0\u00bb text_orientation=\u00a0\u00bbleft\u00a0\u00bb border_style=\u00a0\u00bbsolid\u00a0\u00bb]<\/p>\n<h1>La Ferme de Poutchas et le magasin.<\/h1>\n<p>Situ\u00e9e dans la principale et la plus r\u00e9put\u00e9e des <strong>r\u00e9gions productrices de Foie Gras et de Confits<\/strong>, nous serons heureux de vous faire visiter la <strong>Ferme de Poutchas<\/strong>, pour vous y rendre rien de plus simple suivez le guide&#8230;<\/p>\n<p>[\/et_pb_text][\/et_pb_column][\/et_pb_row][et_pb_row][et_pb_column type=\u00a0\u00bb1_2&Prime;][et_pb_code _builder_version=\u00a0\u00bb3.0.66&Prime;]&lt;iframe src=\u00a0\u00bbhttps:\/\/www.google.com\/maps\/embed?pb=!1m18!1m12!1m3!1d7114.341800337244!2d-0.27739297780265937!3d43.60316969413926!2m3!1f0!2f0!3f0!3m2!1i1024!2i768!4f13.1!3m3!1m2!1s0x0%3A0x0!2zNDPCsDM2JzEwLjgiTiAwwrAxNicyMi42Ilc!5e1!3m2!1sfr!2sfr!4v1502100348497&Prime; width=\u00a0\u00bb600&Prime; height=\u00a0\u00bb450&Prime; frameborder=\u00a0\u00bb0&Prime; style=\u00a0\u00bbborder:0&Prime; allowfullscreen&gt;&lt;\/iframe&gt;[\/et_pb_code][et_pb_text _builder_version=\u00a0\u00bb3.0.66&Prime; background_layout=\u00a0\u00bblight\u00a0\u00bb text_orientation=\u00a0\u00bbleft\u00a0\u00bb border_style=\u00a0\u00bbsolid\u00a0\u00bb]<\/p>\n<h2>La Ferme de Poutchas<\/h2>\n<p>est situ\u00e9e dans le d\u00e9partement des Landes entre les villes d&rsquo;Aire-sur-l&rsquo;Adour et Pau.<\/p>\n<p>Ferme POUTCHAS<br \/>\n40800 St Agnet<br \/>\nappelez-nous au 05.58.79.92.63<\/p>\n<p>[\/et_pb_text][\/et_pb_column][et_pb_column type=\u00a0\u00bb1_2&Prime;][et_pb_text _builder_version=\u00a0\u00bb3.0.66&Prime; background_layout=\u00a0\u00bblight\u00a0\u00bb text_orientation=\u00a0\u00bbleft\u00a0\u00bb border_style=\u00a0\u00bbsolid\u00a0\u00bb]<\/p>\n<h2>La boutique de la Ferme de Poutchas.<\/h2>\n<p><strong>L&rsquo;aire de campagne<\/strong><br \/>\n76 av Bordeaux<br \/>\n40800 AIRE SUR L&rsquo;ADOUR<br \/>\nappelez-nous au 05.58.45.93.63<\/p>\n<p>[\/et_pb_text][et_pb_image _builder_version=\u00a0\u00bb3.0.66&Prime; src=\u00a0\u00bbhttps:\/\/www.ferme-poutchas.fr\/Poutchas\/wp-content\/uploads\/2017\/08\/Airedecampagne.jpg\u00a0\u00bb show_in_lightbox=\u00a0\u00bboff\u00a0\u00bb url_new_window=\u00a0\u00bboff\u00a0\u00bb use_overlay=\u00a0\u00bboff\u00a0\u00bb sticky=\u00a0\u00bboff\u00a0\u00bb align=\u00a0\u00bbcenter\u00a0\u00bb always_center_on_mobile=\u00a0\u00bbon\u00a0\u00bb border_style=\u00a0\u00bbsolid\u00a0\u00bb force_fullwidth=\u00a0\u00bboff\u00a0\u00bb \/][\/et_pb_column][\/et_pb_row][et_pb_row][et_pb_column type=\u00a0\u00bb1_2&Prime;][et_pb_text _builder_version=\u00a0\u00bb3.0.66&Prime; background_layout=\u00a0\u00bblight\u00a0\u00bb text_orientation=\u00a0\u00bbleft\u00a0\u00bb border_style=\u00a0\u00bbsolid\u00a0\u00bb]<\/p>\n<h2 style=\"text-align: center;\">La Ferme<\/h2>\n<p>[\/et_pb_text][et_pb_image _builder_version=\u00a0\u00bb3.0.66&Prime; src=\u00a0\u00bbhttps:\/\/www.ferme-poutchas.fr\/Poutchas\/wp-content\/uploads\/2017\/08\/La-ferme-Poutchas.jpg\u00a0\u00bb show_in_lightbox=\u00a0\u00bboff\u00a0\u00bb url_new_window=\u00a0\u00bboff\u00a0\u00bb use_overlay=\u00a0\u00bboff\u00a0\u00bb sticky=\u00a0\u00bboff\u00a0\u00bb align=\u00a0\u00bbleft\u00a0\u00bb always_center_on_mobile=\u00a0\u00bbon\u00a0\u00bb border_style=\u00a0\u00bbsolid\u00a0\u00bb force_fullwidth=\u00a0\u00bboff\u00a0\u00bb \/][\/et_pb_column][et_pb_column type=\u00a0\u00bb1_2&Prime;][et_pb_text _builder_version=\u00a0\u00bb3.0.66&Prime; background_layout=\u00a0\u00bblight\u00a0\u00bb text_orientation=\u00a0\u00bbleft\u00a0\u00bb border_style=\u00a0\u00bbsolid\u00a0\u00bb]<\/p>\n<h2 style=\"text-align: center;\">La Boutique<\/h2>\n<p>[\/et_pb_text][et_pb_image _builder_version=\u00a0\u00bb3.0.66&Prime; src=\u00a0\u00bbhttps:\/\/www.ferme-poutchas.fr\/Poutchas\/wp-content\/uploads\/2017\/08\/La-boutique-Poutchas.jpg\u00a0\u00bb show_in_lightbox=\u00a0\u00bboff\u00a0\u00bb url_new_window=\u00a0\u00bboff\u00a0\u00bb use_overlay=\u00a0\u00bboff\u00a0\u00bb sticky=\u00a0\u00bboff\u00a0\u00bb align=\u00a0\u00bbleft\u00a0\u00bb always_center_on_mobile=\u00a0\u00bbon\u00a0\u00bb border_style=\u00a0\u00bbsolid\u00a0\u00bb force_fullwidth=\u00a0\u00bboff\u00a0\u00bb \/][\/et_pb_column][\/et_pb_row][\/et_pb_section]<\/p>\n","protected":false},"excerpt":{"rendered":"<p><div class=\"et_pb_row et_pb_row_0 et_pb_row_empty\">\n\t\t\t\t\n\t\t\t\t\n\t\t\t\t\n\t\t\t\t\n\t\t\t\t\n\t\t\t<\/div> La Ferme de Poutchas et le magasin. Situ\u00e9e dans la principale et la plus r\u00e9put\u00e9e des r\u00e9gions productrices de Foie Gras et de Confits, nous serons heureux de vous faire visiter la Ferme de Poutchas, pour vous y rendre rien de plus simple suivez le guide&#8230; <div class=\"et_pb_row et_pb_row_1 et_pb_row_empty\">\n\t\t\t\t\n\t\t\t\t\n\t\t\t\t\n\t\t\t\t\n\t\t\t\t\n\t\t\t<\/div> La Ferme de Poutchas est situ\u00e9e dans [&hellip;]<\/p>\n","protected":false},"author":1,"featured_media":0,"parent":0,"menu_order":0,"comment_status":"closed","ping_status":"closed","template":"","meta":{"_et_pb_use_builder":"on","_et_pb_old_content":"","_et_gb_content_width":"","jetpack_post_was_ever_published":false},"jetpack_sharing_enabled":true,"jetpack_shortlink":"https:\/\/wp.me\/P93ySV-5D","jetpack-related-posts":[{"id":376,"url":"https:\/\/www.ferme-poutchas.fr\/Poutchas\/contactez-fermepoutchas\/","url_meta":{"origin":349,"position":0},"title":"Contactez-nous","author":"WebPoutchas","date":"9 ao\u00fbt 2017","format":false,"excerpt":"","rel":"","context":"Article similaire","block_context":{"text":"Article similaire","link":""},"img":{"alt_text":"","src":"","width":0,"height":0},"classes":[]},{"id":78,"url":"https:\/\/www.ferme-poutchas.fr\/Poutchas\/panier\/","url_meta":{"origin":349,"position":1},"title":"Panier","author":"WebPoutchas","date":"25 juillet 2017","format":false,"excerpt":"","rel":"","context":"Article similaire","block_context":{"text":"Article similaire","link":""},"img":{"alt_text":"","src":"","width":0,"height":0},"classes":[]},{"id":79,"url":"https:\/\/www.ferme-poutchas.fr\/Poutchas\/commande\/","url_meta":{"origin":349,"position":2},"title":"Commande","author":"WebPoutchas","date":"25 juillet 2017","format":false,"excerpt":"","rel":"","context":"Article similaire","block_context":{"text":"Article similaire","link":""},"img":{"alt_text":"","src":"","width":0,"height":0},"classes":[]},{"id":80,"url":"https:\/\/www.ferme-poutchas.fr\/Poutchas\/mon-compte\/","url_meta":{"origin":349,"position":3},"title":"Mon compte","author":"WebPoutchas","date":"25 juillet 2017","format":false,"excerpt":"","rel":"","context":"Article similaire","block_context":{"text":"Article similaire","link":""},"img":{"alt_text":"","src":"","width":0,"height":0},"classes":[]},{"id":77,"url":"https:\/\/www.ferme-poutchas.fr\/Poutchas\/boutique\/","url_meta":{"origin":349,"position":4},"title":"Boutique","author":"WebPoutchas","date":"25 juillet 2017","format":false,"excerpt":"","rel":"","context":"Article similaire","block_context":{"text":"Article similaire","link":""},"img":{"alt_text":"","src":"","width":0,"height":0},"classes":[]},{"id":2,"url":"https:\/\/www.ferme-poutchas.fr\/Poutchas\/","url_meta":{"origin":349,"position":5},"title":"Accueil","author":"WebPoutchas","date":"25 juillet 2017","format":false,"excerpt":"","rel":"","context":"Article similaire","block_context":{"text":"Article similaire","link":""},"img":{"alt_text":"","src":"","width":0,"height":0},"classes":[]}],"_links":{"self":[{"href":"https:\/\/www.ferme-poutchas.fr\/Poutchas\/wp-json\/wp\/v2\/pages\/349"}],"collection":[{"href":"https:\/\/www.ferme-poutchas.fr\/Poutchas\/wp-json\/wp\/v2\/pages"}],"about":[{"href":"https:\/\/www.ferme-poutchas.fr\/Poutchas\/wp-json\/wp\/v2\/types\/page"}],"author":[{"embeddable":true,"href":"https:\/\/www.ferme-poutchas.fr\/Poutchas\/wp-json\/wp\/v2\/users\/1"}],"replies":[{"embeddable":true,"href":"https:\/\/www.ferme-poutchas.fr\/Poutchas\/wp-json\/wp\/v2\/comments?post=349"}],"version-history":[{"count":18,"href":"https:\/\/www.ferme-poutchas.fr\/Poutchas\/wp-json\/wp\/v2\/pages\/349\/revisions"}],"predecessor-version":[{"id":372,"href":"https:\/\/www.ferme-poutchas.fr\/Poutchas\/wp-json\/wp\/v2\/pages\/349\/revisions\/372"}],"wp:attachment":[{"href":"https:\/\/www.ferme-poutchas.fr\/Poutchas\/wp-json\/wp\/v2\/media?parent=349"}],"curies":[{"name":"wp","href":"https:\/\/api.w.org\/{rel}","templated":true}]}}